ctor of 7360?
True
Does 131 divide 13886?
True
Does 20 divide 1580?
True
Is 6 a factor of 353?
False
Is 44 a factor of 94543?
False
Does 15 divide 552?
False
Does 21 divide 231?
True
Does 13 divide 104?
True
Does 68 divide 1768?
True
Does 21 divide 22596?
True
Is 4425 a multiple of 49?
False
Is 77 a factor of 9163?
True
Is 18 a factor of 378?
True
Is 46 a factor of 14880?
False
Is 63 a factor of 5040?
True
Does 22 divide 1320?
True
Is 37 a factor of 8115?
False
Is 3 a factor of 9504?
True
Does 31 divide 7657?
True
Is 5178 a multiple of 37?
False
Is 14 a factor of 609?
False
Is 34 a factor of 10132?
True
Is 1836 a multiple of 51?
True
Does 2 divide 175?
False
Is 925 a multiple of 37?
True
Does 62 divide 23808?
True
Does 5 divide 3931?
False
Does 12 divide 9985?
False
Is 7995 a multiple of 30?
False
Does 8 divide 116?
False
Is 3859 a multiple of 2?
False
Is 1890 a multiple of 23?
False
Is 49416 a multiple of 213?
True
Does 31 divide 2046?
True
Is 10143 a multiple of 23?
True
Is 18 a factor of 36?
True
Does 29 divide 109?
False
Does 8 divide 5779?
False
Is 6 a factor of 13608?
True
Is 776 a multiple of 40?
False
Is 24 a factor of 3048?
True
Is 3173 a multiple of 6?
False
Is 2402 a multiple of 14?
False
Does 6 divide 1116?
True
Does 37 divide 28801?
False
Is 11 a multiple of 11?
True
Is 13 a factor of 182?
True
Is 594 a multiple of 9?
True
Is 84 a factor of 76524?
True
Does 6 divide 66?
True
Is 15 a factor of 14310?
True
Is 329 a multiple of 3?
False
Is 49 a factor of 8918?
True
Is 2160 a multiple of 54?
True
Is 25055 a multiple of 21?
False
Is 46 a factor of 27234?
False
Is 32 a factor of 32382?
False
Is 72 a factor of 504?
True
Is 235 a factor of 19975?
True
Does 31 divide 19158?
True
Does 9 divide 837?
True
Does 62 divide 1028?
False
Is 70 a factor of 662?
False
Is 8 a factor of 4845?
False
Is 832 a multiple of 2?
True
Does 14 divide 860?
False
Is 13 a factor of 1326?
True
Does 200 divide 52334?
False
Does 108 divide 4063?
False
Is 8350 a multiple of 5?
True
Is 9 a factor of 176?
False
Is 1873 a multiple of 39?
False
Is 13135 a multiple of 2?
False
Does 22 divide 726?
True
Is 660 a multiple of 76?
False
Does 43 divide 4365?
False
Does 30 divide 1920?
True
Is 58 a factor of 21625?
False
Is 109 a factor of 40426?
False
Is 7002 a multiple of 6?
True
Is 64 a factor of 320?
True
Is 90 a factor of 21240?
True
Is 130 a factor of 109821?
False
Does 59 divide 3020?
False
Is 10540 a multiple of 4?
True
Is 19 a factor of 116602?
False
Is 2 a factor of 358?
True
Is 935 a multiple of 48?
False
Is 25865 a multiple of 35?
True
Is 143 a factor of 21039?
False
Is 6448 a multiple of 124?
True
Is 72 a factor of 144?
True
Is 20 a factor of 45047?
False
Is 21482 a multiple of 15?
False
Is 21 a factor of 82215?
True
Is 9 a factor of 15498?
True
Is 13 a factor of 468?
True
Is 26 a factor of 21762?
True
Is 484 a multiple of 6?
False
Does 7 divide 714?
True
Does 35 divide 71376?
False
Does 100 divide 4300?
True
Does 363 divide 25806?
False
Does 16 divide 317?
False
Is 75 a factor of 16800?
True
Is 7 a factor of 20314?
True
Is 20 a factor of 1950?
False
Does 50 divide 100?
True
Does 5 divide 83?
False
Is 14 a factor of 28579?
False
Is 56 a factor of 2016?
True
Does 11 divide 134?
False
Does 6 divide 150?
True
Does 7 divide 37?
False
Is 10 a factor of 1000?
True
Is 27 a factor of 11907?
True
Is 5 a factor of 2890?
True
Is 1026 a multiple of 6?
True
Does 74 divide 592?
True
Does 18 divide 43722?
True
Is 1006 a multiple of 40?
False
Is 7 a factor of 18032?
True
Is 12 a factor of 4776?
True
Is 13 a factor of 8554?
True
Is 16 a factor of 515?
False
Is 70 a factor of 2302?
False
Does 15 divide 51925?
False
Is 17 a factor of 16359?
False
Is 62 a factor of 841?
False
Is 51 a factor of 56304?
True
Is 18 a factor of 8484?
False
Is 10 a factor of 10439?
False
Does 22 divide 8184?
True
Does 33 divide 31218?
True
Is 5 a factor of 715?
True
Is 336 a multiple of 7?
True
Is 13 a factor of 14950?
True
Is 4465 a multiple of 47?
True
Does 119 divide 2618?
True
Does 28 divide 12628?
True
Is 22880 a multiple of 65?
True
Does 71 divide 44939?
False
Is 1883 a multiple of 25?
False
Is 19 a factor of 2794?
False
Is 61 a factor of 12200?
True
Does 85 divide 10625?
True
Is 114 a multiple of 3?
True
Does 38 divide 3337?
False
Is 310 a factor of 4440?
False
Is 112 a factor of 18480?
True
Does 70 divide 5460?
True
Does 92 divide 1317?
False
Does 70 divide 24539?
False
Is 193 a factor of 6408?
False
Is 18750 a multiple of 125?
True
Is 7318 a multiple of 12?
False
Is 340 a multiple of 20?
True
Is 2 a factor of 698?
True
Does 9 divide 735?
False
Is 166 a factor of 96934?
False
Is 14 a factor of 25169?
False
Does 24 divide 358?
False
Is 41877 a multiple of 47?
True
Is 3 a factor of 5928?
True
Is 114 a factor of 61173?
False
Is 166 even?
True
Is 836 a multiple of 38?
True
Is 430 a multiple of 36?
False
Is 674 a multiple of 6?
False
Is 106 a factor of 7632?
True
Is 83 a factor of 6412?
False
Is 14 a factor of 308?
True
Is 21 a factor of 756?
True
Is 690 a multiple of 23?
True
Is 447 a multiple of 95?
False
Is 4448 a multiple of 16?
True
Is 40 a factor of 720?
True
Is 1104 a multiple of 8?
True
Is 18384 a multiple of 34?
False
Is 9 a factor of 718?
False
Does 7 divide 269?
False
Is 15 a factor of 4287?
False
Is 7612 a multiple of 138?
False
Does 8 divide 45?
False
Does 53 divide 1007?
True
Is 106 a factor of 13250?
True
Is 26 a factor of 1630?
False
Is 102982 a multiple of 302?
True
Does 11 divide 6472?
False
Does 14 divide 406?
True
Is 9610 a multiple of 56?
False
Is 10 a factor of 1730?
True
Is 1586 a multiple of 61?
True
Is 14 a factor of 49588?
True
Does 7 divide 672?
True
Is 60 a factor of 20004?
False
Does 18 divide 1494?
True
Is 146 a multiple of 10?
False
Is 308 a multiple of 28?
True
Does 14 divide 723?
False
Does 4 divide 5148?
True
Is 2804 a multiple of 21?
False
Does 21 divide 164220?
True
Is 10166 a multiple of 34?
True
Does 2 divide 212?
True
Is 13328 a multiple of 22?
False
Is 1178 a multiple of 39?
False
Does 39 divide 29757?
True
Is 4620 a multiple of 15?
True
Is 20 a factor of 964?
False
Is 1673 a multiple of 28?
False
Does 27 divide 1917?
True
Is 17 even?
False
Is 10 a factor of 2564?
False
Is 1245 a multiple of 5?
True
Is 1936 a multiple of 11?
True
Is 720 a multiple of 9?
True
Is 77 a factor of 114?
False
Is 825 a multiple of 11?
True
Is 3120 a multiple of 6?
True
Is 3 a factor of 11?
False
Is 46 a factor of 50070?
False
Does 34 divide 533?
False
Does 303 divide 75144?
True
Is 7 a factor of 13307?
True
Does 15 divide 315?
True
Is 13792 a multiple of 431?
True
Does 25 divide 10593?
False
Does 12 divide 7332?
True
Is 5 a factor of 1295?
True
Is 6 a factor of 6264?
True
Does 50 divide 1106?
False
Is 15 a factor of 585?
True
Does 36 divide 26262?
False
Is 28 a factor of 200?
False
Is 36 a factor of 468?
True
Is 75 a factor of 39450?
True
Is 33 a factor of 1584?
True
Is 35 a factor of 751?
False
Does 13 divide 1092?
True
Is 2192 a multiple of 34?
False
Is 7 a factor of 4074?
True
Is 38 a factor of 14098?
True
Is 28215 a multiple of 52?
False
Is 13 a factor of 329?
False
Is 371 a multiple of 6?
False
Does 18 divide 18090?
True
Is 12 a factor of 93?
False
Is 32 a factor of 861?
False
Is 3698 a multiple of 46?
False
Does 24 divide 556?
False
Is 10752 a multiple of 56?
True
Does 51 divide 204?
True
Does 12 divide 569?
False
Is 17 a factor of 505?
False
Is 91 a factor of 1092?
True
Does 54 divide 594?
True
Is 62048 a multiple of 32?
True
Does 3 divide 1906?
False
Is 2027 a multiple of 14?
False
Does 48 divide 336?
True
Is 7 a factor of 40541?
False
Is 52 a factor of 1291?
False
Is 22 a factor of 1452?
True
Is 11 a factor of 479?
False
Does 11 divide 38005?
True
Is 61 a factor of 78?
False
Is 68 a factor of 136?
True
Is 875 a multiple of 2?
False
Is 684 a multiple of 12?
True
Is 5 a factor of 11411?
False
Does 18 divide 2628?
True
Is 25240 a multiple of 51?
False
Does 9 divide 1321?
False
Does 41 divide 6546?
False
Is 85 a factor of 54313?
False
Does 2 divide 32?
True
Does 35 divide 1785?
True
Does 26 divide 3267?
False
Does 106 divide 131970?
True
Is 3566 a multiple of 37?
False
Is 1395 a multiple of 45?
True
Does 28 divide 37048?
False
Is 63975 a multiple of 15?
True
Is 75 a factor of 1190